x(-12)?
7
Let q(v) = -v**3 + 3*v**2 - v - 2. Calculate q(3).
-5
Let s(i) = i**2 + 3*i + 8. Give s(-4).
12
Let h(b) = -7*b**2 - 4*b + 7. What is h(2)?
-29
Let i(s) = -2*s**2 - 3. Calculate i(5).
-53
Let n(m) = m + 9. Calculate n(-10).
-1
Let q(h) = -h**2 + 2*h + 10. Give q(-3).
-5
Let u(j) = j**2 - 2*j - 6. Determine u(-4).
18
Let x(o) = o - 24. Determine x(7).
-17
Let l(r) = -5*r - 4. Calculate l(-3).
11
Let o(m) = -9*m**3 - 53*m**2 + 6*m - 5. Calculate o(-6).
-5
Let j(l) = 2*l + 50. Give j(-21).
8
Let g(i) = i**2 + 4*i + 4. Determine g(-5).
9
Let l(s) = -s**2 - 13*s - 12. Determine l(-11).
10
Let k(m) = -m**3 - 8*m**2 - 5*m - 33. What is k(-8)?
7
Let l(k) = -k**3 - 20*k**2 - 16*k + 9. Determine l(-19).
-48
Let q(l) = l**2 + 10*l - 38. Determine q(-14).
18
Let f(y) = -11*y + 368. Determine f(34).
-6
Let n(a) = -a**3 - 19*a**2 + 2*a + 37. Give n(-19).
-1
Let y(q) = -q**3 - 5*q**2 - 10*q - 10. Calculate y(-6).
86
Let l(o) = -o. Give l(1).
-1
Let v(n) = -6*n - 27. Determine v(-5).
3
Let w(f) = -9*f - 19. Give w(-2).
-1
Let b(r) = 3*r**2 + 15*r + 17. Determine b(-4).
5
Let o(r) = r**2 - 6*r + 3. Determine o(8).
19
Let w(h) = -h**3 - 11*h**2 + 3*h - 114. Calculate w(-12).
-6
Let c(u) = -3*u - 22. What is c(-4)?
-10
Let b(g) = -5*g - 140. Give b(-27).
-5
Let h(x) = x**3 - 23*x**2 + 20*x + 38. Calculate h(22).
-6
Let n(k) = -3*k**2 - k - 6. Calculate n(-5).
-76
Let c(b) = 4*b**2 - 94*b + 39. Calculate c(23).
-7
Let t(n) = 2*n**2 - 3*n - 12. Calculate t(3).
-3
Let p(g) = -3*g + 14. Determine p(-2).
20
Let b(f) = f**2 - 10*f + 24. Give b(8).
8
Let c(n) = 2*n + 39. What is c(-17)?
5
Let k(h) = 15*h - 11. Calculate k(5).
64
Let a(x) = -27*x - 90. What is a(-3)?
-9
Let a(b) = -2*b**2 - 56*b + 59. Give a(-29).
1
Let i(p) = -p**3 - 29*p**2 + 32*p + 73. Determine i(-30).
13
Let q(z) = 15*z**3 + 2*z**2 + 2*z + 1. Determine q(-1).
-14
Let a(z) = -z**2 + 17*z - 7. What is a(18)?
-25
Let s(k) = k**3 + 12*k**2 + 25. What is s(-12)?
25
Let q(l) = l**2 - l + 1. What is q(-2)?
7
Let h(l) = -2*l + 33. Give h(-14).
61
Let c(n) = 8*n**3 - 3*n**2 + 2*n. Give c(1).
7
Let z(v) = v**3 - v**2. What is z(0)?
0
Let x(d) = -105*d - 215. Determine x(-2).
-5
Let m(w) = 7*w**2 + 43*w - 2. Calculate m(-6).
-8
Let z(d) = d**3 - 19*d**2 + 19*d - 8. Calculate z(18).
10
Let v(d) = -6*d + 27. What is v(10)?
-33
Let g(x) = -3*x**2 + 17*x + 11. Determine g(7).
-17
Let t(d) = 2*d**3 - 13*d**2 + 8*d - 5. Calculate t(6).
7
Let c(q) = q**3 - 24*q**2 - 23*q - 42. Give c(25).
8
Let i(r) = -r**3 + 9*r**2 + 2*r. What is i(9)?
18
Let v(h) = -15*h + 6. Give v(-1).
21
Let n(i) = 42*i - 1. Determine n(1).
41
Let k(x) = -x**3 - 11*x**2 + 15*x + 10. Give k(-12).
-26
Let i(h) = h**3 + 60*h**2 + 113*h - 171. Give i(-58).
3
Let k(f) = -f**3 + 5*f**2 - 10*f + 3. Give k(4).
-21
Let k(o) = -o**2 - 6*o + 22. Determine k(-9).
-5
Let y(l) = l**2 - 22*l + 3. Calculate y(18).
-69
Let r(v) = -4*v - 35. What is r(-6)?
-11
Let l(p) = 2*p - 51. What is l(8)?
-35
Let a(o) = o**2 + o - 12. Calculate a(0).
-12
Let v(k) = 2*k + 19. What is v(-3)?
13
Let w(i) = i**2 + 12*i + 6. Determine w(-9).
-21
Let k(a) = -a + 33. Give k(9).
24
Let p(a) = -a**3 - 12*a**2 + 45*a + 1. Give p(-15).
1
Let g(f) = 8*f + 20. Determine g(-1).
12
Let i(n) = 3*n + 38. Give i(-12).
2
Let d(g) = 2*g + 9. What is d(4)?
17
Let j(z) = z**2 - 11*z + 8. What is j(8)?
-16
Let l(p) = p**3 - 7*p**2 + 3*p - 18. Determine l(7).
3
Let s(o) = -52*o - 4. Calculate s(-1).
48
Let n(f) = -42*f + 421. Calculate n(10).
1
Let n(b) = -b**3 - 11*b**2 - b - 5. Determine n(-11).
6
Let t(f) = -2*f**2 - 6*f - 14. What is t(-3)?
-14
Let o(w) = w**3 - 38*w**2 + 37*w - 1. Calculate o(37).
-1
Let q(y) = -2*y**2 + 10*y. Calculate q(8).
-48
Let l(h) = h**2 - 8*h + 10. What is l(6)?
-2
Let x(p) = 4*p**2 + 4*p + 3. Determine x(-2).
11
Let g(s) = 3*s**2 + 13*s + 35. Determine g(-7).
91
Let y(r) = -11*r + 9. Calculate y(-4).
53
Let l(g) = -7*g + 93. Calculate l(15).
-12
Let a(d) = -12*d - 35. What is a(-2)?
-11
Let y(c) = -c**2 - c + 3. Calculate y(-4).
-9
Let z(i) = 2*i + 2. Give z(-9).
-16
Let x(s) = -35*s + 2. Determine x(-1).
37
Let f(v) = -v**3 + 11*v**2 + v - 33. What is f(11)?
-22
Let c(b) = -5*b + 6. Give c(-12).
66
Let w(v) = -11*v + 2. What is w(3)?
-31
Let r(j) = j**3 - 10*j**2 + 8*j + 62. Calculate r(7).
-29
Let s(n) = -n. Give s(-6).
6
Let d(v) = -12*v + 27. Calculate d(5).
-33
Let g(y) = y**2 - 5*y - 11. Determine g(8).
13
Let i(u) = u**2 + 6. Calculate i(5).
31
Let z(n) = -n**2 + n - 1. Give z(4).
-13
Let m(k) = -k**3 - 5*k**2 + 5*k - 2. Give m(-3).
-35
Let a(p) = -p**2 - 2*p - 8. What is a(-3)?
-11
Let z(x) = -23*x**3 + 2*x**2 - 2*x - 3. Give z(-1).
24
Let n(k) = k**3 - 9*k**2 + 10*k - 17. Determine n(7).
-45
Let r(s) = 84*s + 1. Give r(-1).
-83
Let r(u) = -2*u - 10. Give r(-12).
14
Let k(n) = -n**2 + 17*n + 21. Calculate k(17).
21
Let g(j) = j**3 - j**2 + 72. Determine g(0).
72
Let f(x) = -x**2 + 9*x + 4. Calculate f(9).
4
Let z(k) = k**2 - 7*k + 9. Determine z(5).
-1
Let v(u) = -u**2 - 19*u + 16. Determine v(-18).
34
Let z(s) = s**3 - 3*s**2 - 4*s - 12. Calculate z(5).
18
Let u(k) = k**3 + 10*k**2 - 12*k - 19. Calculate u(-11).
-8
Let x(t) = 11*t**2 + 5*t + 5. Give x(-1).
11
Let n(b) = b**2 - 12*b - 2. Give n(12).
-2
Let n(y) = -3*y**2 - 33*y - 3. Determine n(-11).
-3
Let l(y) = y**3 - 9*y**2 - 7*y - 10. What is l(10)?
20
Let b(j) = -j**3 - 6*j**2 - 9*j - 1. Determine b(-5).
19
Let w(v) = 5*v + 53. Determine w(23).
168
Let o(q) = -q**2 + 8*q - 5. Determine o(5).
10
Let m(r) = -2*r + 1. What is m(-7)?
15
Let a(j) = -j**3 + j + 1. What is a(-3)?
25
Let t(n) = -n**3 - 7*n**2 - 10*n + 4. Calculate t(-5).
4
Let l(c) = -2*c**2 + c + 1. Calculate l(-3).
-20
Let i(m) = m**3 - 15*m**2 + 5*m - 25. Determine i(15).
50
Let p(j) = 17*j - 3. What is p(1)?
14
Let w(u) = -2*u - 29. Calculate w(-10).
-9
Let h(q) = -2*q + 6. Give h(6).
-6
Let k(i) = i**3 + 7*i**2 + 2*i + 1. Determine k(-5).
41
Let r(w) = 186*w**3 + w**2 + w + 1. Give r(-1).
-185
Let r(d) = 6*d**2 - 103*d + 16. Give r(17).
-1
Let y(a) = a**2 + 34*a - 118. Determine y(-37).
-7
Let r(z) = z**3 - 6*z**2 + 12*z - 17. Give r(5).
18
Let v(l) = -15*l + 11. Calculate v(4).
-49
Let t(d) = d**2 + 9*d - 19. Give t(-9).
-19
Let p(z) = -2*z**2 + 12*z - 13. What is p(1)?
-3
Let l(n) = -n**2 + n + 11. Calculate l(4).
-1
Let m(j) = -j**2 + 8*j + 3. Give m(8).
3
Let x(y) = y**2 - y - 6. What is x(0)?
-6
Let g(j) = j**2 - 2*j + 6. Give g(4).
14
Let b(q) = 3*q**2 - 2*q + 2. Determine b(2).
10
Let s(n) = -2*n**2 + 47*n + 15. Calculate s(24).
-9
Let w(v) = -2*v**3 + 46*v**2 - 43*v - 29. Determine w(22).
-7
Let q(v) = v**3 - 16*v**2 + 65*v - 15. Determine q(9).
3
Let z(x) = 2*x**3 + x**2 - 10*x - 18. What is z(-2)?
-10
Let u(q) = -q**2 - 28*q + 28. Calculate u(-29).
-1
Let y(j) = j**3 + 7*j**2 + 7*j + 3. Determine y(-6).
-3
Let w(j) = -j**3 - 23*j**2 - 21*j + 15. Calculate w(-22).
-7
Let h(j) = -21*j**2 - 1. Give h(-1).
-22
Let a(l) = -2*l**3 + 2*l**2 - 8*l - 10. Give a(-1).
2
Let o(k) = 10*k + 452. Give o(-45).
2
Let q(m) = 37*m + 82. Give q(-2).
8
Let c(n) = n**3 + 16. What is c(0)?
16
Let g(i) = -i**3 + 6*i**2 + i - 8. Calculate g(6).
-2
Let s(j) = j**3 - 9*j**2 - j + 8. Determine s(9).
-1
Let h(f) = 5*f**2 - 9*f + 12. What is h(2)?
14
Let b(m) = -3*m + 51. Determine b(14).
9
Let r(w) = -w**3 - 4*w**2 + 18*w + 5. Determine r(-7).
26
Let n(s) = -3*s - 31. Calculate n(-8).
-7
Let c(z) = -z**3 + 23*z**2 + 107*z + 19. Determine c(27).
-8
Let k(n) = 7*n**2 - 58*n + 18. Calculate k(8).
2
Let u(l) = l + 7. Determine u(11).
18
Let m(i) = -3*i**2 + 3*i + 2. Give m(3).
-16
Let w(t) = -17*t - 11. Determine w(-1).
6
Let g(q) = 3*q - 19. What is g(3)?
-10
Let v(d) = 2*d + 94. Calculate v(-48).
-2
Let p(i) = -i + 2. What is p(13)?
-11
Let y(h) = -h**2 - 4*h - 3. Give y(-2).
1
Let d(h) = -h**3 + 2*h + 28. Give d(0).
28
Let z(h) = -35*h + 624. Give z(18).
-6
Let m(l) = -41*l**3 + 2*l**2 + l - 1. What is m(1)?
-39
Let i(g) = -g**3 + 3*g**2 + g - 1. Give i(2).
5
Let c(g) = -g**3 + 11*g**2 - 6*g + 5. Calculate c(9).
113
Let w(z) = 2*z**2 + 18*z + 14. Give w(-8).
-2
Let o(p) = -3*p + 4. Determine o(-11).
37
Let y(r) = 52*r**3 - 1. What is y(-1)?
-53
Let q(n) = -2*n**3 - 4*n**2 + 7*n - 1. Give q(-4).
35
Let w(s) = -s**3 - 18*s**2 + 39*s - 14. Deter